s 55181153081 composite?
False
Is 1016937758 composite?
True
Is 79291864307 a prime number?
False
Is 1409591569 prime?
True
Is 313603271 a prime number?
False
Is 201843030553 composite?
False
Is 210817876991 prime?
True
Is 1605887951 composite?
True
Is 1078268113 prime?
False
Is 2733648299 a prime number?
False
Is 1578433793 prime?
False
Is 4714894949 a prime number?
True
Is 6548465581 prime?
False
Is 54861401405 composite?
True
Is 17369172967 a prime number?
False
Is 547473711 prime?
False
Is 1412856509 composite?
False
Is 553144341 a prime number?
False
Is 43721462101 prime?
True
Is 386332099 prime?
False
Is 42887765653 a composite number?
True
Is 9610713587 composite?
False
Is 23623020079 a prime number?
True
Is 12756120431 prime?
True
Is 382990249 a prime number?
True
Is 44424241 prime?
True
Is 223604191 a prime number?
False
Is 4357868503 prime?
True
Is 6597869843 a prime number?
False
Is 47031980843 a prime number?
False
Is 2310465797 a composite number?
True
Is 86097689243 prime?
False
Is 26874965497 a prime number?
True
Is 1223802527 a prime number?
True
Is 62191611611 a composite number?
True
Is 10318408251 a composite number?
True
Is 25287117673 a composite number?
False
Is 38427160153 a prime number?
True
Is 1907484991 a composite number?
True
Is 70302378217 composite?
True
Is 21062588329 prime?
True
Is 140995457687 a prime number?
False
Is 67520306939 a composite number?
False
Is 16254120559 a composite number?
True
Is 129799957 a prime number?
False
Is 168501547 prime?
True
Is 205092264415 a composite number?
True
Is 1794236377 a composite number?
False
Is 66103273169 composite?
False
Is 5571656741 a composite number?
True
Is 2347666091 a composite number?
True
Is 2246941127 a composite number?
True
Is 192808927 a prime number?
True
Is 8965189 a composite number?
False
Is 10786607441 prime?
True
Is 1721435879 a composite number?
False
Is 10985123 a prime number?
True
Is 46251687841 composite?
False
Is 2310211403 composite?
False
Is 1082138117 a prime number?
True
Is 976165189 a prime number?
True
Is 10195379741 prime?
True
Is 260327253337 composite?
False
Is 874176809 a composite number?
True
Is 16845091 prime?
False
Is 306837412877 a prime number?
False
Is 21871923401 composite?
True
Is 44740295027 composite?
False
Is 1363760863 a prime number?
True
Is 2437485013 a composite number?
False
Is 1259070377 a prime number?
True
Is 353547665447 composite?
False
Is 23304325211 a composite number?
False
Is 457616167 a prime number?
False
Is 1496251307 a composite number?
False
Is 414060851 a prime number?
False
Is 308442445 a composite number?
True
Is 10178449217 a prime number?
True
Is 158086091 a composite number?
True
Is 16130925253 a prime number?
True
Is 623421689 a prime number?
False
Is 291670879 prime?
False
Is 1085777702 composite?
True
Is 7163835178 prime?
False
Is 154712215639 a prime number?
False
Is 4312693709 composite?
True
Is 158652927127 a prime number?
True
Is 27347717483 composite?
False
Is 14542389041 a composite number?
False
Is 256635091 a composite number?
True
Is 94133332049 a prime number?
False
Is 951797143 prime?
False
Is 9295085377 composite?
True
Is 450379603 prime?
True
Is 28957146943 a composite number?
False
Is 4449215233 prime?
True
Is 3004617053 a composite number?
True
Is 149961571 prime?
True
Is 21589760029 prime?
True
Is 8592083971 composite?
True
Is 1317079319 a prime number?
False
Is 8021907695 a prime number?
False
Is 140270878211 a composite number?
True
Is 456747953 composite?
True
Is 20046174617 a prime number?
False
Is 894399397 a composite number?
False
Is 75760199 a prime number?
False
Is 789932213 a prime number?
False
Is 298587239 a prime number?
False
Is 6487369541 a prime number?
False
Is 353539889 prime?
True
Is 2474512471 a composite number?
False
Is 39274343 prime?
True
Is 19460137 composite?
True
Is 312758983 a composite number?
False
Is 5772585974 composite?
True
Is 11805909953 a composite number?
False
Is 5684519045 prime?
False
Is 964144637 a composite number?
False
Is 4879781827 a prime number?
False
Is 146233783 a composite number?
False
Is 4846189961 composite?
False
Is 7637621369 prime?
False
Is 895282447 a composite number?
False
Is 4184202103 prime?
False
Is 1891064809 composite?
True
Is 1122416111 a prime number?
True
Is 29552919889 composite?
False
Is 1907541101 prime?
True
Is 17483945291 a composite number?
False
Is 777938911 a prime number?
True
Is 43218897874 composite?
True
Is 347507449 composite?
True
Is 162238369 a composite number?
False
Is 1568514863 a composite number?
False
Is 996344669 a composite number?
False
Is 2238468601 a composite number?
False
Is 7894395323 prime?
True
Is 6008901263 a prime number?
False
Is 961006721 a composite number?
False
Is 16661157463 a prime number?
True
Is 26997148943 a composite number?
False
Is 585673129 composite?
False
Is 1492611833 a prime number?
True
Is 139551439 a prime number?
False
Is 4307033719 a prime number?
True
Is 8559529853 composite?
True
Is 51875939 a prime number?
False
Is 16256340599 a prime number?
True
Is 5654824961 a prime number?
True
Is 2808035917 composite?
True
Is 180922318 prime?
False
Is 1402564717 composite?
True
Is 1355034679 prime?
False
Is 953364229 a prime number?
True
Is 102261974137 a composite number?
True
Is 405673123 prime?
False
Is 1936906969 a prime number?
False
Is 109529037487 composite?
True
Is 1689656557 a composite number?
False
Is 102699234647 a prime number?
False
Is 100767058967 prime?
True
Is 968967229 a composite number?
True
Is 2916143669 prime?
False
Is 1064779109 prime?
False
Is 89056801822 a prime number?
False
Is 20757013198 a prime number?
False
Is 159264057 a composite number?
True
Is 4420148974 a composite number?
True
Is 3462218521 prime?
False
Is 129721112879 a composite number?
False
Is 15735386231 composite?
True
Is 42786167 prime?
True
Is 19184728435 a prime number?
False
Is 32987443 prime?
True
Is 195976433 a composite number?
True
Is 2036452189 a composite number?
True
Is 32124488863 a composite number?
False
Is 223548925433 a prime number?
True
Is 3106983031 prime?
False
Is 5183596105 a composite number?
True
Is 28023823537 composite?
False
Is 5721933397 composite?
True
Is 3926067073 prime?
False
Is 4712010119 a prime number?
False
Is 4557949999 a composite number?
False
Is 207323329 composite?
True
Is 40018409474 composite?
True
Is 3077536083 a composite number?
True
Is 4964239039 prime?
True
Is 3136600507 a composite number?
True
Is 914837587 a prime number?
False
Is 1066924883 a composite number?
False
Is 193025323 a prime number?
False
Is 1300826297 prime?
True
Is 585278249 composite?
False
Is 243251783 a composite number?
True
Is 1444214201 a prime number?
False
Is 10836123169 prime?
True
Is 2869771979 a prime number?
True
Is 1448842721 a composite number?
True
Is 397094221 composite?
True
Is 387990307 prime?
False
Is 1654337147 a prime number?
True
Is 41195343869 prime?
False
Is 8637193613 composite?
False
Is 668373071 a composite number?
True
Is 455299807 a composite number?
False
Is 1654732253 a prime number?
False
Is 118413901 prime?
True
Is 8528645207 composite?
False
Is 19241198557 a prime number?
False
Is 18051205993 prime?
False
Is 2795454133 composite?
True
Is 26526318671 prime?
False
Is 972377891 prime?
True
Is 90638063471 a prime number?
True
Is 129206111 a composite number?
True
Is 2020104627 a prime number?
False
Is 27936053333 prime?
True
Is 1018286219 composite?
False
Is 142608469 prime?
True
Is 3412616539 a prime number?
True
Is 10788081697 a prime number?
False
Is 7558417931 a composite number?
False
Is 24683443 prime?
False
Is 5721167603 prime?
True
Is 1024081979 a composite number?
True
Is 353191404331 prime?
False
Is 519375179 a prime number?
False
Is 2570526247 prime?
False
Is 20560748321 a prime number?
True
Is 4513738349 prime?
True
Is 392969987 a prime number?
False
Is 114740911 a prime number?
False
Is 2481982037 prime?
True
Is 442022179 a composite number?
False
Is 4735386461 composite?
True
Is 3739457027 composite?
True
Is 366285773 composite?
True
Is 3010098919 a prime number?
False
Is 8991116969 a composite number?
False
Is 9661545671 prime?
False
Is 1965816331 composite?
False
Is 3344849947 a composite number?
False
Is 5831475